36*l*6/(-27).
22
Let r be -4 + 6 + -1 + (-4)/4. Suppose 4*d = 2*t - 34, d - 4*d - 12 = r. What is the remainder when t is divided by (0 - -1)*(-2 - -5)?
0
Let d = -111 - -256. Suppose -9*j + d - 28 = 0. What is the remainder when 48 is divided by j?
9
Let d = 6 + -3. Suppose -x - d*x = -60. Suppose 47*z - 132*z - 29*z + 4788 = 0. Calculate the remainder when z is divided by x.
12
Let f(h) = -h**2 - 3*h + 777. Calculate the remainder when 342 is divided by f(-29).
20
Let r(h) = -11*h + 4. Let a(f) = 45 - 31*f + 130 + 103. Calculate the remainder when r(-5) is divided by a(8).
29
Let p(j) = -114*j - 3142. What is the remainder when 193 is divided by p(-29)?
29
Suppose -136*h + 135*h - 88 = -3*n, -4*n = -2*h - 120. Let t be (-13)/2 - 1/(-2). What is the remainder when n is divided by 110/6 + 2/t?
10
Suppose 3*y - 22 = -5*d, -3*y = -d - 0 - 10. Let k = y + 12. Suppose -2*q + 70 = k. What is the remainder when q is divided by 14?
13
Calculate the remainder when (-1740)/(10/(-1))*(-52)/(-39) is divided by 7.
1
What is the remainder when -11 + 12 - (-13 + -2595) is divided by 5?
4
Suppose a - 279 = -3*a - 103. Calculate the remainder when 875 is divided by a.
39
Let k = -1719 - -1822. Calculate the remainder when k is divided by ((-6)/10)/((-2)/70).
19
Suppose 7*r - 1765 - 490 = -575. What is the remainder when r is divided by 83?
74
Suppose -6*o - 5*z + 5 = -o, -o + 26 = -4*z. Suppose -4*f = f - t - 15, -2*t = -f - o. What is the remainder when -3 - (-3 + 2) - -24 is divided by f?
2
Suppose n - 3*p = 42, 2*n + 222 = 7*n - 3*p. What is the remainder when (122 - (-2 + 6)) + 0 - -4 is divided by n?
32
Let a = -257 + 266. Calculate the remainder when 1*37 - (1 - -2) is divided by a.
7
Suppose 29*u - 39*u = 240. Calculate the remainder when (-6)/((-1*u/(-1578))/2) is divided by 72.
69
Suppose -41*n = 98*n + 1600 - 3963. Suppose t + 3*t = 536. Calculate the remainder when t is divided by n.
15
Let c be 34 + (64/(-80))/(4/(-10)). Suppose -9*w + c = -6*w. Suppose 7*p - 35 = 2*p. Calculate the remainder when w is divided by p.
5
Suppose 4*s + 50 = 5*s. Suppose -r - r + 133 = -3*m, -5*m - 209 = 3*r. Let y = s + m. Calculate the remainder when 25 is divided by y.
4
Let n = -53 + 0. Let q = 507 - 551. Let t = q - n. Calculate the remainder when 14 is divided by t.
5
What is the remainder when (-5008)/(-48)*552/4 is divided by 11?
10
Suppose 3*d - 80 = -n - 10, 5*d - n = 114. Let t(x) = 4*x**2 + 4*x + 5. Calculate the remainder when d is divided by t(-2).
10
Let a be (-10)/3*(-18)/(-5)*-13. Suppose 0 = 8*l - 6*l + a. Let h = -43 - l. Calculate the remainder when h is divided by 12.
11
Let q = 4023 - -1355. What is the remainder when (-102)/(-663) - q/(-26) is divided by 21?
18
Suppose 0 = -5*a + 4*a + 3*r, -5*a - r = -16. Suppose -118 = 2*k - 2*g, -5*k - a*g - 108 = -3*k. Let z = -55 - k. What is the remainder when 7 is divided by z?
1
Let p(s) = s + 12. Let h(k) = 9*k + 70. Let o be h(-9). What is the remainder when 11 is divided by p(o)?
0
What is the remainder when (22/(-3))/(1/(198/(-996)) + 5) is divided by 31?
25
Suppose 3*d + 23*h - 341 = 28*h, -d = -2*h - 111. Let l(g) = 7*g**2 - g + 2. Suppose 0*s + 3*s + 6 = 0. Calculate the remainder when d is divided by l(s).
31
Let p = -18430 + 18524. Suppose 2*t = -0*t + 52. What is the remainder when p is divided by t?
16
Let j(i) = -3*i**2 + 32*i + 110. Calculate the remainder when 107 is divided by j(13).
12
Let q = -37 - -61. Suppose -9*r + 4*x + 16 = -11*r, -4*r = x - 3. Suppose -r*k - 2*s + 42 = 6, 5 = s. What is the remainder when q is divided by k?
11
Suppose 2*w - 2*u - 14 = 0, 5*u - 21 = -w - 2*w. Let a(i) = i**2 - 6*i + 2. Suppose -12*f = -10*f - 68. Calculate the remainder when f is divided by a(w).
7
Suppose -5*d = 25, -1767*d - 4007 = -m - 1771*d. What is the remainder when m is divided by 38?
37
Suppose 0 = b - 4*d - 67, 4*d - 52 = -80. Let q = 494 - 303. What is the remainder when q is divided by b?
35
Let r(x) = 32*x**2 + 6*x - 20. What is the remainder when r(2) is divided by 110?
10
Suppose -136 - 204 = 10*c. Let m = c + 36. Suppose m*p = -4*p + 300. What is the remainder when p is divided by 13?
11
Suppose -541*t + 2484 = -518*t. Calculate the remainder when t is divided by 38.
32
Suppose -25*g = -3*g - 792. Suppose -i - 3*h = 1 - 2, h = 5*i - 21. Suppose -2*y - 3*f + 17 = 0, i*f + 2 = -2. Calculate the remainder when g is divided by y.
6
Let z(q) = -77*q**3 - q. Let a be z(-1). Suppose 0 = -4*g + 2*t - 8 + a, -5*g - 4*t + 81 = 0. Calculate the remainder when 23 + 3 + (1 - 1) is divided by g.
9
Let k be ((-12)/24)/(1/(-2958)). Let x be (k/(-34))/((-2)/4). Let o = x + -37. What is the remainder when o is divided by 17?
16
Let m = 468 - 405. What is the remainder when (-5)/((-15)/(-12)) + 442 is divided by m?
60
Let n = 158 + -42. Let m(g) = 165*g - 825. Let u be m(5). Suppose u*r - r + n = 0. Calculate the remainder when r is divided by 12.
8
Suppose -5*m + 41*m = 612. Calculate the remainder when 1238 is divided by m.
14
Suppose 0 = f - 45 + 16. Suppose -6*b = -8*b + 3*c + f, 0 = -4*b + 4*c + 56. What is the remainder when 168 is divided by b?
12
Let z be (-1 + -1)/(119/(-14) + 9). Calculate the remainder when ((-11088)/(-135) - z/(-30))/2 is divided by 14.
13
Suppose 3*a - d - 8 = 0, 5*d + 4 - 24 = 0. Suppose -5*k - 15 = 0, 4*z - 6*k + a*k = -30. Calculate the remainder when 36 is divided by ((-93)/z + -4)*3.
17
Suppose d = -4*d + 190. What is the remainder when d is divided by 0/((-270)/30) + 11?
5
Suppose -4*c = 5*y + 254, -2*y - 120 = 5*c + 206. Calculate the remainder when (c/3)/(2/(-8)) is divided by 31.
26
Suppose -4*d + 4 + 51 = 3*w, 111 = 5*w - 3*d. Suppose 3*q = -18, -195 = -3*c - 13*q + 17*q. What is the remainder when c is divided by (3 - w)/(6/(-4))?
9
Calculate the remainder when ((-350)/(-4))/(1/2) is divided by (96/(-20))/(-2)*320/48.
15
Let j = 3901 - -716. What is the remainder when j is divided by 55?
52
Let f(s) = -s**2 - 15*s - 6. Let x be f(-7). Suppose -9*h + 22 = -x. Let m = h + 30. What is the remainder when m is divided by 13?
12
Let q = -111 + 127. Let n = -138 - -238. Let f = -72 + n. Calculate the remainder when f is divided by q.
12
Suppose 156*q - 511 - 9161 = 0. What is the remainder when 985 is divided by q?
55
Let o = 14 + 14. Calculate the remainder when 1674/(-558)*(0 - 37) is divided by o.
27
Let h = 267 - 262. What is the remainder when 6 - (-68)/(5/h) is divided by 19?
17
Suppose -39*o + 27*o + 44*o = 1184. What is the remainder when 3882 is divided by o?
34
Let t = 165 + -5. Suppose -5*l + t = 4*r, -2*r = 4*l - 66 - 20. Suppose 5*a - 3*y = -y + 43, -5*y + 50 = 5*a. What is the remainder when r is divided by a?
8
Suppose 0 = y - 4*t + 5*t - 5, -5*y + 5*t = 5. Suppose -x = -a + 34, 2*a + y*x = -2*x + 92. Let q = a - 30. Calculate the remainder when 30 is divided by q.
6
Let o = 8740 + -7202. Calculate the remainder when o is divided by 70.
68
Suppose 105*p = 56*p + 1078. Suppose -4*d + 5*d = -b - 20, d = -1. Calculate the remainder when 102 is divided by (-18 - b)*(p + -1).
18
Suppose 25*c - 26*c + 4*g = -1723, -2*g = -c + 1721. What is the remainder when c is divided by 10?
9
Suppose 133*q - 135276 + 3473 = 0. Calculate the remainder when q is divided by 199.
195
Suppose 2237 = p - 4*j + 174, 0 = -5*p - 2*j + 10117. What is the remainder when p is divided by 290?
287
What is the remainder when (0 - -5)/(21 + (-593175)/28248) is divided by 43?
23
Suppose 2*l - 346 = -2*g, 2*g - g - 853 = -5*l. Let m = l - 112. Calculate the remainder when m is divided by 12.
10
What is the remainder when 1212 is divided by 105 - 28 - (-8 - -4)?
78
Suppose -l + 39 = 3*w, 5*w + 2*l - 75 = -12. Calculate the remainder when 8336 is divided by w.
11
Let o(c) = -85*c + 1562. Suppose -777 = -5*q + 2*n, -3*q - 16 = 5*n - 476. Calculate the remainder when q is divided by o(18).
27
Let c = 319 - 202. Suppose -5*g = -5*t - 275, 3*g - 84 = -3*t + 105. Calculate the remainder when c is divided by g.
58
Suppose -90 = -2*n - 5*j, -4 = 6*j - 5*j. Calculate the remainder when 604 is divided by n.
54
Let p(o) = -4*o**3 + 219*o**2 - 88*o + 392. Calculate the remainder when p(54) is divided by 15.
8
Suppose -5*f = 3*r - 80, -3*f = -f - 3*r - 53. Let b(m) = 263*m + 6840. What is the remaind